{"id":81,"date":"2020-06-26T13:11:04","date_gmt":"2020-06-26T11:11:04","guid":{"rendered":"http:\/\/valfleuri80.com\/?page_id=81"},"modified":"2020-07-03T12:28:23","modified_gmt":"2020-07-03T10:28:23","slug":"la-piscine","status":"publish","type":"page","link":"https:\/\/valfleuri80.com\/index.php\/la-piscine\/","title":{"rendered":"La piscine"},"content":{"rendered":"\n<p class=\"has-medium-font-size\">La piscine (10&#215;4 m) a une profondeur variant de 80 \u00e0 165 cm. Elle se trouve dans une v\u00e9randa de 100 m\u00b2 abondamment fleurie. La temp\u00e9rature de l&#8217;eau y est de 30\u00b0C (86\u00b0F).<br>Les enfants peuvent s&#8217;y baigner uniquement en pr\u00e9sence des parents et sous leur enti\u00e8re responsabilit\u00e9.<br><br>Elle est \u00e9quip\u00e9e de deux cabines-vestiaire : l&#8217;une avec douche et l&#8217;autre un WC. Des fauteuils et chaises longues sont \u00e0 la disposition des h\u00f4tes.<br>L&#8217;acc\u00e8s peut se faire par l&#8217;int\u00e9rieur ou l\u2019ext\u00e9rieur.<\/p>\n\n\n\n<p>\u00a0<\/p>\n\n\n\n<div class=\"alignnormal\"><div id=\"metaslider-id-193\" style=\"width: 100%;\" class=\"ml-slider-3-27-3 metaslider metaslider-flex metaslider-193 ml-slider\">\n    <div id=\"metaslider_container_193\">\n        <div id=\"metaslider_193\">\n            <ul aria-live=\"polite\" class=\"slides\">\n                <li style=\"display: block; width: 100%;\" class=\"slide-194 ms-image\"><img src=\"https:\/\/valfleuri80.com\/wp-content\/uploads\/2020\/06\/piscine3-800x500.jpg\" height=\"500\" width=\"800\" alt=\"\" class=\"slider-193 slide-194\" title=\"piscine3\" \/><\/li>\n                <li style=\"display: none; width: 100%;\" class=\"slide-195 ms-image\"><img src=\"https:\/\/valfleuri80.com\/wp-content\/uploads\/2020\/06\/piscine1-800x500.jpg\" height=\"500\" width=\"800\" alt=\"\" class=\"slider-193 slide-195\" title=\"piscine1\" \/><\/li>\n                <li style=\"display: none; width: 100%;\" class=\"slide-196 ms-image\"><img src=\"https:\/\/valfleuri80.com\/wp-content\/uploads\/2020\/06\/piscine2-800x500.jpg\" height=\"500\" width=\"800\" alt=\"\" class=\"slider-193 slide-196\" title=\"piscine2\" \/><\/li>\n            <\/ul>\n        <\/div>\n        \n    <\/div>\n<\/div><\/div>\n","protected":false},"excerpt":{"rendered":"<p>La piscine (10&#215;4 m) a une profondeur variant de 80 \u00e0 165 cm. Elle se trouve dans une v\u00e9randa de 100 m\u00b2 abondamment fleurie. La temp\u00e9rature de l&#8217;eau y est de 30\u00b0C (86\u00b0F).Les enfants peuvent s&#8217;y baigner uniquement en pr\u00e9sence des parents et sous leur enti\u00e8re responsabilit\u00e9. Elle est \u00e9quip\u00e9e de deux cabines-vestiaire : l&#8217;une [&hellip;]<\/p>\n","protected":false},"author":1,"featured_media":0,"parent":0,"menu_order":5,"comment_status":"closed","ping_status":"closed","template":"","meta":[],"_links":{"self":[{"href":"https:\/\/valfleuri80.com\/index.php\/wp-json\/wp\/v2\/pages\/81"}],"collection":[{"href":"https:\/\/valfleuri80.com\/index.php\/wp-json\/wp\/v2\/pages"}],"about":[{"href":"https:\/\/valfleuri80.com\/index.php\/wp-json\/wp\/v2\/types\/page"}],"author":[{"embeddable":true,"href":"https:\/\/valfleuri80.com\/index.php\/wp-json\/wp\/v2\/users\/1"}],"replies":[{"embeddable":true,"href":"https:\/\/valfleuri80.com\/index.php\/wp-json\/wp\/v2\/comments?post=81"}],"version-history":[{"count":7,"href":"https:\/\/valfleuri80.com\/index.php\/wp-json\/wp\/v2\/pages\/81\/revisions"}],"predecessor-version":[{"id":330,"href":"https:\/\/valfleuri80.com\/index.php\/wp-json\/wp\/v2\/pages\/81\/revisions\/330"}],"wp:attachment":[{"href":"https:\/\/valfleuri80.com\/index.php\/wp-json\/wp\/v2\/media?parent=81"}],"curies":[{"name":"wp","href":"https:\/\/api.w.org\/{rel}","templated":true}]}}