{"id":71,"date":"2020-06-26T12:55:07","date_gmt":"2020-06-26T10:55:07","guid":{"rendered":"http:\/\/valfleuri80.com\/?page_id=71"},"modified":"2020-07-03T12:45:55","modified_gmt":"2020-07-03T10:45:55","slug":"curiosites-touristiques","status":"publish","type":"page","link":"https:\/\/valfleuri80.com\/index.php\/curiosites-touristiques\/","title":{"rendered":"Curiosit\u00e9s touristiques"},"content":{"rendered":"\n<figure class=\"wp-block-embed-wordpress wp-block-embed is-type-wp-embed is-provider-le-domaine-de-la-cite-souterraine-de-naours\"><div class=\"wp-block-embed__wrapper\">\n<blockquote class=\"wp-embedded-content\" data-secret=\"Swx5IksZl6\"><a href=\"http:\/\/citesouterrainedenaours.fr\/citesouterraine\/cite-souterraine-naours\/\">La Cit\u00e9 souterraine<\/a><\/blockquote><iframe class=\"wp-embedded-content\" sandbox=\"allow-scripts\" security=\"restricted\" style=\"position: absolute; clip: rect(1px, 1px, 1px, 1px);\" title=\"\u00ab\u00a0La Cit\u00e9 souterraine\u00a0\u00bb &#8212; Le domaine de la Cit\u00e9 souterraine de Naours\" src=\"http:\/\/citesouterrainedenaours.fr\/citesouterraine\/cite-souterraine-naours\/embed\/#?secret=Swx5IksZl6\" data-secret=\"Swx5IksZl6\" width=\"600\" height=\"338\" frameborder=\"0\" marginwidth=\"0\" marginheight=\"0\" scrolling=\"no\"><\/iframe>\n<\/div><figcaption><strong>La Cit\u00e9 souterraine de Naours se trouve \u00e0 5 km du Val Fleuri<\/strong><\/figcaption><\/figure>\n\n\n\n<p class=\"has-medium-font-size\"><strong>Amiens (18 km) :<\/strong><br>&#8211; Cath\u00e9drale (patrimoine mondial de l&#8217;UNESCO) : <a href=\"http:\/\/www.cathedrale-amiens.fr\">www.cathedrale-amiens.fr<\/a><br>&#8211; Visite en barque des Hortillonnages : <a href=\"http:\/\/www.hortillonnages-amiens.fr\/\">www.hortillonnages-amiens.fr<\/a><br>&#8211; Jardin des plantes<br>&#8211; Mus\u00e9e de Picardie<br>&#8211; Zoo d&#8217;Amiens : <a href=\"https:\/\/www.zoo-amiens.fr\/\">www.zoo-amiens.fr<\/a><br>&#8211; Maison de Jules Verne<br>&#8211; Cimeti\u00e8re de la Madeleine (tombe de Jules Verne)<br>&#8211; Ch\u00e9s Cabotans (mus\u00e9e et spectacle de marionnettes picardes) : <a href=\"https:\/\/www.ches-cabotans-damiens.com\/\">www.ches-cabotans-damiens.com<\/a><br>&#8211; Visite de la ville en cal\u00e8che<br>&#8211; Quartier Saint-Leu (quartier historique)<br><br><strong>Doullens (15 km) :<\/strong><br>&#8211; Mairie<br>&#8211; Mus\u00e9e du Commandement Unique 1918<br>&#8211; Mus\u00e9e Lombart : <a href=\"http:\/\/museelombart.fr\/\">museelombart.fr<\/a><br><br>Bord de mer (1h), Parc ornithologique du Marquenterre (1h).<\/p>\n\n\n\n<p><\/p>\n","protected":false},"excerpt":{"rendered":"<p>Amiens (18 km) :&#8211; Cath\u00e9drale (patrimoine mondial de l&#8217;UNESCO) : www.cathedrale-amiens.fr&#8211; Visite en barque des Hortillonnages : www.hortillonnages-amiens.fr&#8211; Jardin des plantes&#8211; Mus\u00e9e de Picardie&#8211; Zoo d&#8217;Amiens : www.zoo-amiens.fr&#8211; Maison de Jules Verne&#8211; Cimeti\u00e8re de la Madeleine (tombe de Jules Verne)&#8211; Ch\u00e9s Cabotans (mus\u00e9e et spectacle de marionnettes picardes) : www.ches-cabotans-damiens.com&#8211; Visite de la ville en [&hellip;]<\/p>\n","protected":false},"author":1,"featured_media":0,"parent":0,"menu_order":6,"comment_status":"closed","ping_status":"closed","template":"","meta":[],"_links":{"self":[{"href":"https:\/\/valfleuri80.com\/index.php\/wp-json\/wp\/v2\/pages\/71"}],"collection":[{"href":"https:\/\/valfleuri80.com\/index.php\/wp-json\/wp\/v2\/pages"}],"about":[{"href":"https:\/\/valfleuri80.com\/index.php\/wp-json\/wp\/v2\/types\/page"}],"author":[{"embeddable":true,"href":"https:\/\/valfleuri80.com\/index.php\/wp-json\/wp\/v2\/users\/1"}],"replies":[{"embeddable":true,"href":"https:\/\/valfleuri80.com\/index.php\/wp-json\/wp\/v2\/comments?post=71"}],"version-history":[{"count":9,"href":"https:\/\/valfleuri80.com\/index.php\/wp-json\/wp\/v2\/pages\/71\/revisions"}],"predecessor-version":[{"id":333,"href":"https:\/\/valfleuri80.com\/index.php\/wp-json\/wp\/v2\/pages\/71\/revisions\/333"}],"wp:attachment":[{"href":"https:\/\/valfleuri80.com\/index.php\/wp-json\/wp\/v2\/media?parent=71"}],"curies":[{"name":"wp","href":"https:\/\/api.w.org\/{rel}","templated":true}]}}